the third derivative of 0 - 1/2*t**3 + 1/24*t**4 + n*t - t**2. Give z(4).
1
Suppose -5*t + 5*z = -10*t + 30, -14 = t - 4*z. Suppose w - 2*v = -3*v + 9, -2*w = -2*v + t. Let u(l) = 6*l**2 + 5*l**3 + 8*l - w*l**3 + 3 + l**2. Give u(-6).
-9
Suppose -2*z + 3 + 3 = r, 21 = z - 4*r. Let m(t) = 10 - 2*t - z - 2*t - 2*t - t**2. Calculate m(-5).
10
Let w(y) = y**2 - 6*y - 7. Suppose 0 = -4*v + 5*v + 80. Let t = v + 88. What is w(t)?
9
Let w(b) be the second derivative of 4*b - 1/3*b**3 - 5/2*b**2 + 1/12*b**4 + 0. Give w(4).
3
Let r be 21/3 + -4 + 6/2. Let q(o) = -o**3 + 7*o**2 - 3*o. Calculate q(r).
18
Let m = 78 + -85. Let k(u) be the third derivative of 7/6*u**3 + 1/12*u**4 + 7*u**2 + 0 + 0*u. Calculate k(m).
-7
Let a = 9 + -5. Suppose 2*x = -4, -a*j + 3 = x - 11. Let p(y) = -2*y - y + j*y - 1 - 7*y**2 - y**3 + y**2. Determine p(-6).
-7
Let k(f) = -3*f - 22. Let u be k(-8). Let s(h) = -2*h**2 - h**3 + 15*h**u + 7 - 2*h - 5*h**2 - 3*h**2. Determine s(5).
-3
Let k(j) = -2*j + 1. Let w(o) = o - 8. Let i(g) = g - 7. Let z(t) = -4*i(t) + 3*w(t). Suppose -7*p = -80 + 10. Let d be z(p). Give k(d).
13
Let w(i) be the first derivative of 1/3*i**3 - 4 + 0*i + 0*i**2. Determine w(0).
0
Let n(t) be the third derivative of -t**4/8 - 5*t**3/3 + 4*t**2. Let m be n(-7). Let l = m - 8. Let d(i) = -i**2 - 2*i + 2. Calculate d(l).
-13
Suppose -7*u + 4*u = -9. Let d(c) = -2 - 2 + 1 + c + 0. What is d(u)?
0
Suppose -n + 9 = 5*x + 31, 3*x + 6 = 0. Let i(j) = -4*j - 42. Give i(n).
6
Let q(f) = 3*f**2 + 2*f + 1. Let a = -135 + 205. Let n = a + -72. Calculate q(n).
9
Let t(d) = -d**3 + 4*d**2 + 1. Suppose -10*g = -12*g - 5*p - 9, -2*p + 6 = 4*g. Give t(g).
10
Let v(c) = -3*c - 50. Let q(u) = -12*u - 209. Let i(l) = 6*q(l) - 25*v(l). Determine i(2).
2
Let x(h) = h**3 + 8*h**2 + 8*h - 1. Let m = -4 + 16. Let i be 1 + 14 - (m + -11). Suppose -2*j = -0*j + i. Calculate x(j).
-8
Let n(h) = 4*h**2 + 106*h - 117*h + 0*h**2 - 6*h**2 - 6. Give n(-7).
-27
Let x(n) = -16 + 3 - 11*n + n**2 + 28 + 0. Give x(10).
5
Suppose -4*v + 0*n - 1 = -5*n, -4*n = 3*v - 38. Let g be ((-146)/4)/(1/(-2)). Let x(y) = 3 + 78*y - g*y - y**2 - 1. Calculate x(v).
-4
Let p(s) be the second derivative of -s**5/20 + 7*s**4/12 + 2*s**3 - 5*s**2 - 209*s. Give p(8).
22
Let q(r) = -2*r**3 + 5*r. Suppose 2*s = -36*s - 76. Calculate q(s).
6
Let g(a) = -a**2 + 3*a + 5. Let j be g(5). Let o be 4 - (-2)/((-8)/(-12)). Let d(l) = -4 + l**2 + 5 + 2 + o*l. What is d(j)?
-7
Let w(b) = -b**2 - 3292 - 3298 + b + 6594. Calculate w(-4).
-16
Let y(i) = -2*i**3 - 3*i**2 - 13*i - 9. Let h be y(-1). Let k(a) = -6*a + a**2 + 0*a + a + 3. What is k(h)?
-3
Suppose -5*y - 4*v = -2*v + 34, y + 20 = 4*v. Let t(f) = f + 12. Give t(y).
4
Let v(a) = 3*a**3 - 2*a**2 + a - 5. Let w(y) = -3*y**3 + y**2 - y + 4. Let j(t) = 4*v(t) + 5*w(t). Let g(b) = b**2 - 2*b - 17. Let h be g(5). Calculate j(h).
14
Suppose -4*n - 7 - 7 = -5*k, 3*k + 2*n = 4. Let a(r) = 4*r**2 - 1. Let v be a(1). Let q(m) = 5 - 4 - 3 + 1 - 2*m**2 - m**v + k*m. What is q(2)?
-13
Let n(y) be the second derivative of 19/2*y**2 + 0 - 1/12*y**4 + 6*y - 1/6*y**3. Give n(0).
19
Let q(c) = -4*c. Let s(o) = -2216 + 2216 + 5*o. Let r(g) = 6*q(g) + 5*s(g). Calculate r(2).
2
Let n(h) = -h**3 + 22*h**2 + 24*h - 17. Let r be n(23). Let l(f) = -5*f + 93 - 90 + r*f. Give l(-5).
-2
Let t(d) = -d**3 + 2*d**2 + 3*d + 1. Let l be t(3). Let r be -4 + 3 - (l - 3). Let q(p) = -r - 3*p - 4 + 5. Give q(-2).
6
Suppose 3*h - 2*q - 7 = -0*q, 5 = -q. Let y(i) be the second derivative of 5*i**4/4 + i**3/3 + i**2/2 + 23*i + 9. Give y(h).
14
Let g(f) = -2 + f + 0*f - 6*f. Let l(t) = t. Let r(u) = g(u) + 4*l(u). Suppose -31 - 9 = 5*c. Determine r(c).
6
Let o(r) = -2*r**2 + 4*r + 128. Let p be o(9). Let i(k) = 4*k - 7. Give i(p).
1
Let j(l) = l**3 - 4*l**2 - 12*l - 3. Suppose -6*u = 108 - 144. What is j(u)?
-3
Let x(t) = -t - 1. Let a(j) = 4*j + 4. Let b(m) = -a(m) - 3*x(m). Suppose 0 = 40*d + 867 - 1147. Determine b(d).
-8
Let h(t) = 8*t + 42. Let l(y) = -9*y - 44. Let k(n) = 6*h(n) + 5*l(n). Calculate k(-10).
2
Let k(n) = -2*n**2 + 17*n + 3. Let h = 112 - 103. What is k(h)?
-6
Suppose 2*m = -0*m + 5*f + 18, -4*m = -f - 18. Let j(z) = 5*z - 2 + 3 - 4*z - m*z. Let v(u) = -u**2 + 8*u - 10. Let a be v(7). Give j(a).
10
Let h(n) be the first derivative of 7*n**3/3 + 3*n**2/2 + 2*n - 11. What is h(-1)?
6
Let k(z) = 3 - 3*z + 6*z**2 - z**2 - 2*z**2. Suppose -4*h = -4*f + 4, -2*f + 0*f + 3*h = -1. What is k(f)?
9
Let l be 3/6*(31 + -1). Let g(b) = 15 - l - b. Let r(k) = k**3 - 2*k - 2. Let o be r(-1). What is g(o)?
1
Let s(f) = -7*f**2 + 20*f - 4. Let v be s(3). Let b(w) = w**3 + 8*w**2 + 8*w - 8. Determine b(v).
-15
Let j(p) = -p - 1. Let l(o) = -2*o - 4. Let k(h) = -3*j(h) + l(h). Suppose 0 = -2*s - 3*r + 29, 5*s = -r - r + 45. Give k(s).
6
Let b(f) be the first derivative of -f**5/20 + f**3/3 + f**2/2 - 2*f + 3. Let n(s) be the first derivative of b(s). Let v be (-1)/(-5) - 108/90. Calculate n(v).
0
Suppose 22 = q + 16. Suppose 3*b - 1 = -g, 0 = -2*b - 2*g + 4*g + q. Let o(a) = 2*a + 1. Determine o(b).
3
Let r(u) = u**2 + 4*u - 6. Suppose g - 6*g = -120. Let n be g/(-2)*(-5)/(-10). What is r(n)?
6
Let s(b) = -4*b - 12. Let t(i) = -12*i - 36. Let j(w) = 11*s(w) - 4*t(w). Calculate j(-6).
-12
Let q(h) = -h**3 - 4*h**2 + 5*h. Suppose 15*g = 20*g - 15. Suppose g*m + z + 2*z + 18 = 0, -5*z + 20 = -5*m. Give q(m).
0
Let g(f) = 5*f + 2 + 3*f**2 - 3*f**2 - f**2. Suppose 0 = -5*h + 4*n + 21, -5*h + 2*n - 5 + 28 = 0. What is g(h)?
2
Let k(f) be the second derivative of f**7/2520 + f**6/360 - f**5/40 + 19*f**4/12 - 3*f. Let m(z) be the third derivative of k(z). Calculate m(-4).
5
Let v(a) = -2*a - 6. Let m be (-3)/6*(13 + 1). Let y(b) = -b**3 + 4*b**2 + 5*b + 3. Let q be y(5). Let n = q + m. Determine v(n).
2
Let g(a) = 2574 + 5*a - 5148 - 6*a**2 - a**3 + 2571. What is g(-7)?
11
Let j be 26/(-10) - (-3)/5. Let z be -1*j/(-2)*-1. Let y(s) = -s + 2 + 4*s**2 + 1 - 3. Calculate y(z).
3
Let v be (-8)/6 - 64/(-12). Suppose -v*z + 2*l = -2*l - 32, z = -4*l - 12. Let a(c) = -3 - c + 0 + 4. What is a(z)?
-3
Suppose -26*q + 130 = 39*q. Let a(g) be the third derivative of -1/30*g**5 + 0 - 1/6*g**3 - 1/24*g**4 + 0*g + q*g**2. What is a(-1)?
-2
Let x be (-3)/18*2*3. Let z be (1 - 1) + (x - -3). Let n(b) = -2*b + 5 - 4 - 2 + z. Determine n(-2).
5
Let p(f) = -f - 2. Suppose -2*j - 60 = -5*j. Let d = 465 - 462. Suppose -2*b = d*b + j. Determine p(b).
2
Suppose -48 = -3*n - 21. Suppose -19 = n*q + 35. Let y(o) = -o - 2. Give y(q).
4
Let t(h) = h**3 - 12*h**2 - 12*h - 6. Suppose -5*a - 2*s + 34 = -21, -4*a = -5*s - 77. What is t(a)?
7
Let o be (1/(-1))/(1/(-30)). Let l(j) = -j**2 - 10*j - 4*j - 13*j + o*j. What is l(3)?
0
Let i(b) = -11 + 6*b - 3 - 5 + 21. Give i(-4).
-22
Let j(y) = -y**2 + 7*y + 6. Suppose 115 = 30*d - 7*d. Give j(d).
16
Let n = -1651 - -1654. Let t(q) be the first derivative of q**4/2 - 4*q**3/3 - 3*q - 1. What is t(n)?
15
Suppose 0 = -i - 3*j + 9, 4*i + 3*j + 0 = 9. Let x(s) = s**2 + s - 10. What is x(i)?
-10
Let o be 8/12 + 7/3. Suppose -o*y = y - 24. Let z(j) = 0*j + 3*j - y*j - 1 + 0*j. Calculate z(3).
-10
Let y(r) = 8 - 16*r**3 - 8*r**2 + 38*r**3 - 3 - 21*r**3. Suppose 2*b + 2 - 18 = 0. What is y(b)?
5
Let r(s) be the first derivative of -2 - 3/2*s**2 - 2*s. Give r(-3).
7
Let h(j) = 3*j**2 - 1. Let b(z) = -10*z**2 + 4. Let x(w) = -5*b(w) - 16*h(w). Let c = -137 + 176. Suppose -22*v + 27 + c = 0. What is x(v)?
14
Let g(d) = d - 17. Let r = -260 - -272. Give g(r).
-5
Let x(u) = -u - 3. Let l be x(-7). Suppose y + l = 2*y. Let a(w) = -5*w + 2 + y*w + 3*w - 3*w. Calculate a(-3).
5
Let u(p) be the first derivative of p**5/20 - 2*p**4/3 + p**3/3 - 5*p**2 + 7*p + 14. Let n(d) be the first derivative of u(d). Determine n(8).
6
Let d be 90/40 - 2/8. Let n(t) = -5*t + 2 + 14*t**2 - 10*t**2 - 3*t**d. Give n(5).
2
Let b(z) = 25*z**2 - 10*z + 10. Let o(w) = -9*w**2 + 3*w - 3. Let u(p) = -3*b(p) - 10*o(p). Calculate u(1).
15
Let w(m) = m**3 - 60*m**2 - 127*m + 179. Let y be w(62). Let s(a) = a**3 + 6*a**2 - 6*a - 4. What is s(y)?
-11
Let v(p) be the first derivative of -2*p**3/3 + 2*p + 70. Give v(2).
-6
Let n(f) be the third derivative of -f**6/120 + f**5/12 - f**4/24 - 123*f**2. Give n(5).
-5
Let c(j) = -3*j**2 + 2*j + 2. Le